Let r(z) = 8*m(z) - 3*v(z). Determine r(1).
12
Let a(z) = -2*z - 7. Let l(i) = i - 1. Let v(k) = -a(k) - l(k). Suppose -t + p = 8, -3*t + 2*p = -4*t + 1. Let s be (2 + -2)/((-15)/t). Calculate v(s).
8
Let f(x) = -x**3 - 5*x**2 - 2. Let s be -1 + -2 + -2 - (-7 + 6). What is f(s)?
-18
Let z(y) be the third derivative of -y**5/60 + 5*y**4/12 - 13*y**3/3 - y**2 + 59. Determine z(8).
-10
Suppose 5*u + 5*x + 30 = 0, 4*x + 18 = -7*u + 4*u. Let q = u - -9. Let m = -9 + q. Let c(b) = -b + 1. Calculate c(m).
7
Let d(k) = 2*k - 2. Let j(l) = -l**3 - 6*l**2 + 7*l - 2. Suppose 12*s - 13 = -97. Let g be j(s). Give d(g).
-6
Let f(i) be the first derivative of i**3/3 - 15*i**2/2 + 27*i - 179. Determine f(13).
1
Suppose 27*k - 4 = 25*k. Let x(a) be the third derivative of 0 + 1/15*a**5 + 1/2*a**3 + 0*a - 2*a**k + 1/8*a**4. Calculate x(-2).
13
Suppose -4*b + 5*m = -2, 3*b + 4*m = 6 + 11. Let h(z) = -27*z - 29*z - 2 + 58*z + 1. Calculate h(b).
5
Let o(n) = n**2 - n - 11. Let d = 253 - 253. Give o(d).
-11
Let w = -30 + 32. Let r(d) = 24 - 15 - 15 + d**w. Suppose l + h + 3 = 4, -5*h = -5*l - 5. Give r(l).
-6
Let x(b) = 3*b - 13. Let f(r) = -2*r + 8. Let p(l) = 8*f(l) + 5*x(l). Determine p(-1).
0
Suppose 2*c + 2*c = 0. Let f(u) = 6 - u + u**2 - 12 + 12. Give f(c).
6
Let h(y) = -29*y + 10. Let i(b) = -68*b + 19. Let a(z) = 7*h(z) - 3*i(z). What is a(-6)?
7
Let i(q) be the third derivative of 0*q + 0 + 1/120*q**6 - 1/24*q**4 + 2/3*q**3 - 51*q**2 - 1/60*q**5. Give i(0).
4
Let m(j) = j**2 + 5*j - 7. Suppose 6*s - 50 = s. Let q(p) = p**3 - 10*p**2 - p + 4. Let a be q(s). Determine m(a).
-1
Let d(t) = -4*t**2. Let c be d(-1). Let g(j) = -3*j + 9. Let h(q) = 4*q - 10. Let f(x) = 5*g(x) + 4*h(x). Give f(c).
1
Let j = -178 - -175. Let c(v) = -2*v. Calculate c(j).
6
Let z be (63/28 + -2)/(3/48). Let g(o) = 7*o**2 - 11*o + 5. Let l(t) = -15*t**2 + 23*t - 10. Let w(f) = -9*g(f) - 4*l(f). What is w(z)?
-25
Let q(v) = 12*v**2 - 6*v**2 + 6 - v - 7. Let h be ((-6)/10)/(5/(-25)). Suppose h + 2 = -5*y. Give q(y).
6
Let f(r) be the first derivative of r**4/12 + r**3/2 - r**2/2 + 34*r + 6. Let h(m) be the first derivative of f(m). Determine h(-3).
-1
Suppose -2*f - 5*d = 6, 5*f + 32 = -2*d - 2*d. Let y(n) = 4*n - 9 - 8*n**2 - n**3 - 5*n + 0*n. Determine y(f).
-1
Let d be 1/(-6) - 323/(-102). Let a(f) = -2 + 2*f**2 + 0 + 6 - d*f**2. Give a(3).
-5
Let g(u) = 2*u**3 + 10*u**2 - 15*u - 8. Let t be g(-6). Let m(n) = n**3 - 9*n**2 - 12*n + 3. Give m(t).
-17
Let i(k) = -14*k + 4*k + 4*k + 0*k + k**3 - 1 + 4*k**2. Give i(-4).
23
Let b(d) = 60*d**3 + 6*d + 0*d**2 + 1 + 7*d**2 - 59*d**3 - d**2. Suppose i + 5*l = l - 25, 3*l = 3*i. What is b(i)?
-4
Suppose 0 = -5*g - 10 + 25. Let o be (-21)/15 + 4/10. Let f(i) = -8*i**2 + 10*i - 6. Let a(s) = s**2 - s + 1. Let j(w) = o*f(w) - 6*a(w). Determine j(g).
6
Let b(g) = 310 - 5*g + 2*g - 160 - 2*g - 93. Calculate b(11).
2
Let h(o) = 2*o**2 - 3. Let f(i) = 2*i**2 - 25*i + 76. Let u be f(6). Determine h(u).
5
Suppose 3*m + 5*k = -14, -2*m + 123 - 99 = -5*k. Let g(l) = -13*l**2 + l. What is g(m)?
-50
Let x(p) = 2*p + 10. Let l(d) = -d - 5. Let f(n) = 7*l(n) + 4*x(n). Calculate f(-6).
-1
Let j be (-1*15)/(-3)*(-9)/(-15). Let n(k) = 1 + j - 148*k + 150*k. Calculate n(-6).
-8
Let p(j) = 3*j - 4. Suppose 3*s + 6*s = -3*s. Suppose s*a = a - 3. Give p(a).
5
Let t(v) = v - 6. Let q(c) = 10 + 12 + 5 - 25. Let o(p) = -5*q(p) - 2*t(p). Calculate o(-7).
16
Let h(c) = c**2 - 7*c + 1. Let k = -331 + 339. Calculate h(k).
9
Let d be (-106)/371 - (-4)/14. Let u(k) = -k**3 - k**2 + 17. What is u(d)?
17
Let v(y) = 3*y**3 + 7*y**2 + 2*y + 6. Let j(m) = -8*m**3 - 19*m**2 - 5*m - 17. Let w(u) = -4*j(u) - 11*v(u). Give w(2).
-14
Suppose 6*m - m + 21 = -y, -m - 5*y = 9. Let r(x) be the first derivative of 2*x + 2*x**2 - 5 + 1/3*x**3. What is r(m)?
2
Let t(b) = 2*b**2 - 14*b + 5. Let m(z) = -6*z**2 + 41*z - 15. Let d(k) = 6*m(k) + 17*t(k). What is d(6)?
-29
Let v(h) = h**3 + h**2 - 7. Let a = -201 + 201. Determine v(a).
-7
Let q(t) = t + 12. Let r(w) = -3. Let c(k) = -q(k) - 4*r(k). Give c(3).
-3
Suppose 0 = -a, -2*p + 2*a - 4*a = -22. Let g be 0 + 1 - 33/p. Let i(j) = -j**2 - 5*j - 2. Let k(n) = 1. Let m(d) = i(d) - k(d). What is m(g)?
3
Let a(n) be the second derivative of n**3/2 - 3*n**2/2 - 107*n. Calculate a(-5).
-18
Suppose -w + 12 = 2*c, 0 = -0*c + 2*c + 4*w - 24. Let j(n) = c*n + 0 - 7 + 6. Determine j(-2).
-9
Let p be 1/(-3)*9/3. Let x(l) = -2*l**2 - l - 2. Let b(q) = q + 1. Let r(d) = p*x(d) - 6*b(d). Give r(5).
21
Let n be ((-8)/12)/(1 - 8/6). Let f be 2 + -4 - n - 0. Let g(r) = r**2 + 4*r + 5. Determine g(f).
5
Let q(d) = 4*d**3 - d**2 - 5*d - 2. Let w(g) = -9*g**3 + 4*g**2 + 10*g + 3. Let a(t) = -7*q(t) - 3*w(t). Let o(c) = 3*c + 6. Let v be o(-4). Give a(v).
11
Let r(w) = 2 + 3*w**3 - 1 + 0*w**3. Let f = -26 - -8. Let n = f - -17. What is r(n)?
-2
Let m be (-6)/(-4)*(-1 + 26/6). Suppose 6*y - m*y = -7*y. Let r(w) = w - 17. What is r(y)?
-17
Let s = 27 - 25. Let a(l) = -2*l - 8*l**3 - 7*l**s + 2*l**2 + 0*l + 7*l**3. Let n be (-1)/((-14)/8 - -2). What is a(n)?
-8
Let k = 26 - 10. Suppose 0 = -6*c - 2*c - k. Let l(r) = 5*r**2 + 9*r + 8. Let d(t) = -t**2 - 2*t - 2. Let g(j) = -9*d(j) - 2*l(j). Give g(c).
-2
Suppose 2 = 10*y - 18. Let w(t) = 2*t + 3*t + 5*t**2 - y - 4*t**2 - 4. Calculate w(-7).
8
Suppose -26*s - 12*s = -4*s. Let f(q) = -3*q + 8. Let t(i) = -13*i + 31. Let a(k) = 9*f(k) - 2*t(k). Give a(s).
10
Let a(z) = -2*z**3 - 14*z**2 - 12*z + 8. Let n be a(-6). Let d(s) = -s**2 + 8*s + 5. Determine d(n).
5
Let j = -12 + 1. Let h(p) = -p + 17. Let y(z) = -2*z + 33. Let w(o) = j*h(o) + 6*y(o). Suppose 2*s = -8*s. What is w(s)?
11
Let n(q) = -4*q - 1. Let w be 3*(938/(-6))/7. Let c = w + 68. Calculate n(c).
-5
Let y(n) = 55*n - 498. Let v be y(9). Let d(u) = -u + 12. What is d(v)?
15
Let i(z) = 6*z**3 + 3*z**2 - z. Let h(f) = 2*f**3 + f**2 - 1. Let q(x) = 2*h(x) - i(x). Determine q(2).
-20
Let y(r) = 7*r + 14. Let d(g) = -1. Let i(o) = 21*d(o) + y(o). Determine i(4).
21
Let o(z) be the third derivative of z**6/120 - 2*z**5/15 + 3*z**4/8 - 7*z**3/3 + 18*z**2 - 2. Give o(7).
0
Let q(r) = r**2 + 7*r - 13. Suppose 14 = -4*h - b - 14, -4*h - 44 = -3*b. Let d be q(h). Let g(m) = -m**3 - 6*m**2 - 4*m - 3. Determine g(d).
-8
Let w(h) = -h**2 + 9*h - 8. Suppose 0 = 3*m + 5*s - 9*s - 39, 2*m + 5*s - 3 = 0. Calculate w(m).
-8
Let s(a) = a - 3. Suppose -2*b - 5*d = 13, 0 = 4*b + 2*d - 1 + 3. What is s(b)?
-2
Let f = 149 - 138. Let q(g) = -f*g + 7 + 11*g - g. Give q(6).
1
Let o = 701 + -696. Let m(g) = -g**3 + 5*g**2 + g + 1. Calculate m(o).
6
Let m(s) = -4*s + 1. Let d be 4/(4/4)*-2. Let o = -6 - d. Give m(o).
-7
Let y = -52 + 52. Let l(q) be the second derivative of q**4/12 + q**3/6 - 4*q**2 + 10*q. What is l(y)?
-8
Let c(b) = 54*b**2 + 2 + 56*b**2 + 52*b**2 + 57*b**2 - 3*b**3 - 217*b**2. What is c(2)?
-14
Suppose 0 = 2*z - j - 0*j - 57, z - 4*j = 18. Let c be (-45)/z*8/(-3). Let k(f) be the third derivative of f**4/12 - f**3/2 - f**2. What is k(c)?
5
Let s(y) = 0*y**2 - y + y**2 - 4*y**2 - 3*y**3 + y**2 - 2*y**3. What is s(-1)?
4
Let v be 387/(-86) - 1/(-2). Let p(m) = 0*m + 3*m + 1 + 5. Determine p(v).
-6
Suppose -3*g - 8 = -3*s + 10, 0 = 3*g + 5*s - 6. Let p(z) be the first derivative of z**3 + 2*z**2 - 821. Determine p(g).
15
Let l(r) = 2*r - 6. Let p be l(-2). Let o be ((-40)/(-16))/(p/(-8)). Let w(m) = -11 + 3*m**2 + o + 9*m - 4*m**2. Calculate w(7).
5
Let v(i) = -i**3 + 3*i**2 + i - 4. Suppose -10*q + 19*q = 27. Determine v(q).
-1
Let x be 116/8 + -9 - ((-9)/2 + 4). Let i(z) = -4*z + 3*z + z**2 - 8 + 0*z**2. What is i(x)?
22
Let j(x) = -3*x**2 + 5*x - 12. Let d(c) = -c**2 + 2*c - 4. Let m(l) = -7*d(l) + 2*j(l). Let r be (-6 + 3)/6*(0 - 8). Calculate m(r).
4
Let a(o) = -o - 3. Suppose -4*m = 5*i + 127, -i + 5*i + 40 = -m. Let q be m/(-4) + -2 - 3. Let w = q + 1. Calculate a(w).
-6
Let x(r) be the third derivative of -5/24*r**4 + 0*r + 0 - 2*r**2 - 1/60*r**5 + 3/2*r**3. Let p(s) = s**3 + 5*s**2 - 7. Let y be p(-5). Calculate x(y).
-5
Let h(c) = -2*c**3 + 2*c**2 - 2*c - 2. Suppose -68 = 6*l - 80. Calculate h(l).
-14
Let b(c) = -c**3 + 5*c**2 + 2*c - 6. Let v = -1005 + 1010. Determine b(v).
4
Let k(q) = 13*q**2 - 3 + 5 + 4 - q**3 - 23*q**2 + 9*q**2 + q. What is k(0)?
6
Let